-c*j - 4*k = -4*j - 1407, 4 = 2*k. Is j a prime number?
True
Is 392/56 - 4744/(3/(-3)) a composite number?
False
Let l(m) = -63*m + 2. Let h(o) = -3*o**2 - o - 7. Let z be h(4). Let j = z - -56. Is l(j) a composite number?
False
Let k be 137 + (3/(-12) - (-13)/4). Let m be 19/4 - (-7)/k*5. Is 2 + 3 - m - -419 composite?
False
Suppose 4*x + 4*q - 36 = 0, -3*x - q + 26 = q. Suppose 0 = -6*t + x*t - 430. Let k = t + -66. Is k composite?
False
Let g(n) = -2582*n + 5589. Is g(-7) a prime number?
True
Suppose 132*g + 14577 = 135*g. Is g a prime number?
False
Let y(q) = 1740*q**2 + 5*q + 182. Is y(-5) composite?
True
Let t = 25 + -20. Suppose 4 = 3*l + c + 3, 5*c - t = -l. Suppose -11*v + 18*v - 2527 = l. Is v composite?
True
Let s(l) = -17*l**3 - 28*l**2 + 40*l + 24. Let f(v) = v**3 + 3*v**2 + 2*v - 1. Let k(c) = -5*f(c) - s(c). Is k(10) prime?
True
Let r = -591364 - -2235293. Is r composite?
True
Suppose -17551 = 9*j - 85258. Is j a prime number?
True
Is 15/45*12/(-14) - (-125029)/7 a prime number?
False
Is 36 - -56389 - (96/4)/3 a prime number?
True
Suppose 412116 + 221143 = 101*x - 78*x. Is x a composite number?
True
Let s(o) = 479*o - 17. Let y be s(-3). Let l = 2116 + y. Is l a prime number?
False
Let d(i) = i + 14. Let l be d(-10). Suppose 0 = -l*z + 6*z - 1226. Is z a composite number?
False
Let a(m) be the third derivative of m**7/252 + 7*m**6/720 - m**5/4 - 4*m**4/3 - 4*m**2. Let y(p) be the second derivative of a(p). Is y(7) a composite number?
False
Let c be ((-4)/6 - 1985/(-30))*-38. Let y = c + 932. Is y/6*(2 + 0)/(-1) composite?
True
Suppose -7*s = -2*s - 25, -151460 = -5*m + s. Is m composite?
False
Is -922434*(14 - (-1445)/(-102)) composite?
False
Let z(x) be the second derivative of x**4/3 - x**3 - 27*x**2/2 + 29*x. Is z(7) a prime number?
True
Suppose 143 = 16*m - 15*m. Suppose m = 3*k + 2*a + 53, -a = -k + 35. Let f = k - -659. Is f a prime number?
True
Is -19435*(-2 + -29) - (-12 + 8) composite?
False
Let p be -4 + (-8829)/15 + (-15)/(-25). Let g = 1259 + p. Is g prime?
False
Suppose -3*q - y = -9828, 3*q + 844 - 10681 = 2*y. Is q a composite number?
True
Is 14 + (-10 - -83022) + 15 prime?
False
Suppose 54 = 5*n - 16. Is 45219/21 + (-4)/n a composite number?
False
Let w be 1 + -3 + 0 + 10/2. Suppose -a - 8 - w = -3*d, -3*d - 1 = 5*a. Is (87/2)/(a/(-4)) prime?
False
Is 453357 + (-4 - -2*(-16 - -13)) prime?
True
Let y(p) = 99*p**3 - 55*p**2 - 5*p - 14. Is y(9) a prime number?
False
Let o be 2/((3 + 2)/42210). Suppose -x + o = 5*k, 4*x + 4164 = 2*k - 2594. Is k prime?
False
Suppose 4*j = -5*j + 68652. Let k = -2445 + j. Is k prime?
False
Let w(y) = 2*y**2 + 5*y - 28. Let t be w(4). Is (0 + (-3558)/t)*-28 a composite number?
True
Suppose 2*x + 10*x = 60. Suppose s = x, k - 2*k - 2*s = -137. Is k composite?
False
Let q be 4/(-1) - (-53 - -9). Let r be ((-1311)/12)/((-5)/q). Let a = 1341 - r. Is a prime?
True
Suppose -5*j = -4*t + 434097, -52*t + 57*t = j + 542637. Let k = t + -60767. Is k composite?
True
Suppose -362*o - 24544 = -364*o. Let n = 19615 - o. Is n a composite number?
True
Let g(l) = -37*l - 12. Let b be g(-6). Suppose 0 = 5*q - 4*q - b. Let t = q - -199. Is t composite?
False
Let j(b) be the first derivative of 35*b**4/4 + 11*b**3/3 + 5*b**2/2 + 7*b + 174. Is j(6) a composite number?
False
Let g(x) = 219*x**2 + 30*x + 383. Is g(-14) a prime number?
False
Suppose -54*n + 1330658 = -20*n. Is n prime?
False
Suppose 11*c - 22 + 187 = 0. Let f be (-693)/(-36) + (c/12 - -1). Suppose 0 = -4*x + 3*d + 117, -85 = -3*x - d + f. Is x prime?
False
Suppose 11*t + 152 = -200. Let k be (-2 - t/6)*24/20. Suppose -5*v = -2*x + 733, -2*v - v - 1501 = -k*x. Is x a prime number?
True
Suppose 5*o + f = 3273829, 16*o + 37*f = 36*f + 10476266. Is o a composite number?
False
Suppose 107195 = 7*u + 4*u. Suppose 0 = -19*o + 14*o + u. Is o composite?
False
Suppose -26 = 12*y + 34. Is y/(5/(-1423)) + 0 prime?
True
Suppose -4*j + j + 4*v + 7354 = 0, -3*v = -15. Is (-3)/(-6)*(j - -4) a composite number?
False
Let q be 21/(-4*(-6)/16). Is -29966*(7/q - 1)/1 prime?
True
Let f = -2406 + 3595. Suppose 9*m - 4258 = -f. Is m prime?
False
Let v(i) = 13639*i + 3063. Is v(4) composite?
True
Suppose -3*c + 89084 = 2*g, 6 = -135*c + 138*c. Is g a composite number?
True
Let j be 143688/40 - (-4)/(-20). Suppose -24890 = -6*t + j. Is t prime?
False
Suppose -10*c + 10 = 50. Is (17080/(-32) - -6)*c prime?
True
Suppose 472003 = -0*w + 5*w + 17498. Is w prime?
True
Is (((-26)/(-65))/(10/70))/((-2)/(-348265)) a composite number?
True
Let s(c) = 7*c - 2*c + 7*c**2 - 1 + 10*c**3 - 4*c**3 + 4. Let b be s(-6). Let l = -554 - b. Is l composite?
True
Let k = 140674 + -95621. Is k a composite number?
False
Suppose 5 = o - 3*w, 0 = 5*o - 2*w - 3*w - 15. Suppose 2*j = 3*u - 2*u - 7165, -3*j - 14327 = -o*u. Is u composite?
False
Let x = -105 - -128. Let s(k) = -k**2 + 28*k - 41. Is s(x) a composite number?
True
Let o = 689 + 2833. Suppose -2*c + 3520 = 3*c - 5*f, 0 = -5*c + 4*f + o. Is c prime?
False
Let h(r) = 51*r**3 + 17*r**2 - 60*r - 15. Is h(17) prime?
False
Let r be 90/(-25)*(-20)/8. Suppose -38402 = -4*l - r*l. Suppose 7*c - l = 5*c. Is c a composite number?
True
Let m = -477880 - -742181. Is m a composite number?
False
Let x be 12/((-5)/(-5)) + 4/2. Suppose -2*u + x = -2. Suppose u*w + 50 - 474 = 0. Is w prime?
True
Let o(x) = -3*x - 5. Let y be o(-4). Suppose 8 = -y*w - 13. Is w/3*-3 + (616 - 6) composite?
False
Let d be 5*-2*111*66/(-495). Suppose d*y = 141*y + 31171. Is y a composite number?
True
Is 18433/3 + (-9 - 464/(-48)) a prime number?
False
Is (55/(-70) + 4/14)*(-755708)/2 composite?
False
Is (2 - -4) + 4 + 56553 + -2 prime?
False
Let a = 193102 - 71571. Is a a composite number?
False
Let f(a) = 2*a - 15. Let p be f(11). Let j(s) = 257*s**2 + 2*s - 1. Let g be j(p). Suppose -4*r = -3262 - g. Is r a composite number?
False
Let j be (4/(-6))/(-1*4/(-24)). Let u be (j - (-20)/6)*10002/(-4). Suppose -5*i + i = 3*w - u, -3*i = -3*w + 1674. Is w a composite number?
False
Let k = -70 - -157. Suppose -k*p + 6714 = -84*p. Suppose -5*s = -8533 + p. Is s composite?
False
Let l be 6/4*(-1218)/(-261). Suppose 0 = -l*i + 133421 + 142106. Is i prime?
False
Suppose 4*q = -8*n + 7*n + 15135, 2*n - 30242 = -q. Is n a prime number?
False
Let d(p) = 64*p**2 + 383*p + 21 - 365*p + 4*p**2. Is d(-11) a prime number?
False
Let u(c) = -c**3 - c**2 - 23*c + 52489. Is u(0) composite?
False
Let h = -448 - 76. Let b = 1491 + h. Is b composite?
False
Suppose d - 5*t = 112, -4*d - 4*t - 10 + 434 = 0. Suppose g + x = 3985, -g + 4088 - d = 2*x. Is g prime?
True
Suppose -42*f = -33*f - 36. Is 3104 - -10*2/f prime?
True
Is 102607202/473*(-3 - 34/(-4)) composite?
False
Let w(i) = -1221*i - 164. Let t be w(-13). Suppose t = 7*r - 15210. Is r a composite number?
True
Let u(f) = -3221*f**3 - f**2 + 21*f + 190. Is u(-5) a composite number?
True
Let b(c) = 95*c - 813*c - 1933 + 1075 + 961 - 542*c. Is b(-7) composite?
False
Is (-20)/28 + 4 + 75612/7 composite?
True
Suppose 159*n - 162*n = -15480. Suppose -409 = o - n. Is o a composite number?
False
Suppose 9*a = 3*a - 2*s + 312744, 4*s - 208504 = -4*a. Is a a composite number?
True
Suppose -3*z - 3*y + 1629216 = 0, -5*z + 2*y = -1344544 - 1370809. Is z prime?
False
Let j be (-4)/10 - 119/(-85). Is -9 + j + 2 - -3899 composite?
True
Let o(y) = -6761*y + 1. Suppose 2*b = -3*g, 3*g + 3*b - 2 - 1 = 0. Is o(g) prime?
True
Let t(y) = y**2 - 19*y - 38. Let g be t(21). Suppose g*s - 5*k - 14616 = 0, -305 - 10660 = -3*s + 3*k. Is s prime?
True
Let z be (0 + 2)*7/3*-6. Let i(h) = 10*h**2 + 69*h + 45. Is i(z) prime?
True
Suppose 0*t = -2*t - 4*i + 98, 0 = -5*t - i + 227. Let y = t + -43. Is y/((-2)/1)*-335 a prime number?
False
Let l(g) = g**3 + 10*g**2 - 7*g + 14. Let a be l(-11). Let s = a - 97. Let f = s + 1294. Is f a composite number?
True
Let k = 29642 + -16261. Is k a composite number?
False
Let o(v) = 685*v**2 - 2*v + 2. Let k(q) be the second derivative of q**4/12 + q**3/2 + 3*q**2/2 + 14*q. Let j be k(-2). Is o(j) prime?
False
Suppose 74*k = -91*k + 2337555. Is k prime?
False
Suppose 4*j + n - 562087 = 0, 0 = -5*n - 30 + 45. Is j a prime number?
True
Let p = 68445 + -24414. Suppose 0 = 6*d - 143001 + p. Is d composite?
True
Let n be (-17 - (1 + -3))